{"id":48,"date":"2021-01-18T11:35:34","date_gmt":"2021-01-18T10:35:34","guid":{"rendered":"https:\/\/re-secure.de\/?page_id=48"},"modified":"2021-01-19T07:16:33","modified_gmt":"2021-01-19T06:16:33","slug":"events","status":"publish","type":"page","link":"https:\/\/re-secure.de\/?page_id=48","title":{"rendered":""},"content":{"rendered":"\n<p><img loading=\"lazy\" decoding=\"async\" width=\"150\" height=\"56\" class=\"wp-image-102\" style=\"width: 150px;\" src=\"https:\/\/re-secure.de\/wp-content\/uploads\/2021\/01\/event.png\" alt=\"\" srcset=\"https:\/\/re-secure.de\/wp-content\/uploads\/2021\/01\/event.png 1294w, https:\/\/re-secure.de\/wp-content\/uploads\/2021\/01\/event-300x113.png 300w, https:\/\/re-secure.de\/wp-content\/uploads\/2021\/01\/event-1024x385.png 1024w, https:\/\/re-secure.de\/wp-content\/uploads\/2021\/01\/event-768x288.png 768w\" sizes=\"auto, (max-width: 150px) 100vw, 150px\" \/><\/p>\n\n\n\n<p>Egal ob Abiturfeier, Feuerwehrfest oder VIP-Club in der IN-Diskothek, f\u00fcr Ihre Feier ist ein aggresiver Auftritt des Sicherheitspersonals eher abtr\u00e4glich<br>und sch\u00e4digend als unterst\u00fctzend.<\/p>\n\n\n\n<p>RE_Secure hilft Ihnen nicht nur bei der Vorbereitung aller sicherheitsrelevanten Einzelheiten, sondern ist bei Ihrem Event in der \u00dcberwachung so,<br>dezent, da\u00df sich Ihre G\u00e4ste weder gest\u00f6rt, noch beobachtet f\u00fchlen.<\/p>\n\n\n\n<p>M\u00f6glich macht dies unsere Jahrzehnte lange Erfahrung und das Wissen, das exaktes Beobachten weit erfolgreicher ist, als massives Auftreten.<\/p>\n\n\n\n<p>Erworbenes Wissen in kommunikativen De-Eskalationstechnik sichert uns eine &#8222;Ruhequote von 98,4%, bei von uns \u00fcberwachten Events.&#8220;<\/p>\n\n\n\n<p>Darauf sind wir besonders stolz.<\/p>\n\n\n\n<p>Derartige Erfolge erreichen wir mit folgenden Leistungen:<\/p>\n\n\n\n<ul class=\"wp-block-list\"><li>Einlasskontrollen<\/li><li>Besetzung der Notausg\u00e4nge<\/li><li>Backstage- u. Garderobendienst<\/li><li>VIP-Betreuung<\/li><li>Shuttleservice<\/li><li>Parkplatzdienste, Einweisung, Zuordnung und entsprechende Verkehrssicherung<\/li><li>Valet Parking (Parkservice) bei repr\u00e4sentativen Veranstalltungen<\/li><li>Standbewachung auf Messen<\/li><li>Rettungs- u. Evakuierungspl\u00e4ne<\/li><\/ul>\n","protected":false},"excerpt":{"rendered":"<p>Egal ob Abiturfeier, Feuerwehrfest oder VIP-Club in der IN-Diskothek, f\u00fcr Ihre Feier ist ein aggresiver Auftritt des Sicherheitspersonals eher abtr\u00e4glichund sch\u00e4digend als unterst\u00fctzend. RE_Secure hilft Ihnen nicht nur bei der Vorbereitung aller sicherheitsrelevanten Einzelheiten, sondern ist bei Ihrem Event in der \u00dcberwachung so,dezent, da\u00df sich Ihre G\u00e4ste weder gest\u00f6rt, noch beobachtet f\u00fchlen. M\u00f6glich macht dies [&hellip;]<\/p>\n","protected":false},"author":1,"featured_media":0,"parent":0,"menu_order":0,"comment_status":"closed","ping_status":"closed","template":"","meta":{"om_disable_all_campaigns":false,"_monsterinsights_skip_tracking":false,"_monsterinsights_sitenote_active":false,"_monsterinsights_sitenote_note":"","_monsterinsights_sitenote_category":0,"footnotes":""},"class_list":["post-48","page","type-page","status-publish","hentry"],"aioseo_notices":[],"_links":{"self":[{"href":"https:\/\/re-secure.de\/index.php?rest_route=\/wp\/v2\/pages\/48","targetHints":{"allow":["GET"]}}],"collection":[{"href":"https:\/\/re-secure.de\/index.php?rest_route=\/wp\/v2\/pages"}],"about":[{"href":"https:\/\/re-secure.de\/index.php?rest_route=\/wp\/v2\/types\/page"}],"author":[{"embeddable":true,"href":"https:\/\/re-secure.de\/index.php?rest_route=\/wp\/v2\/users\/1"}],"replies":[{"embeddable":true,"href":"https:\/\/re-secure.de\/index.php?rest_route=%2Fwp%2Fv2%2Fcomments&post=48"}],"version-history":[{"count":2,"href":"https:\/\/re-secure.de\/index.php?rest_route=\/wp\/v2\/pages\/48\/revisions"}],"predecessor-version":[{"id":123,"href":"https:\/\/re-secure.de\/index.php?rest_route=\/wp\/v2\/pages\/48\/revisions\/123"}],"wp:attachment":[{"href":"https:\/\/re-secure.de\/index.php?rest_route=%2Fwp%2Fv2%2Fmedia&parent=48"}],"curies":[{"name":"wp","href":"https:\/\/api.w.org\/{rel}","templated":true}]}}